ommon divisor of 9993375 and 2100?
525
What is the greatest common divisor of 1041 and 187069088?
347
What is the greatest common divisor of 318318 and 75101?
689
What is the highest common factor of 1178106 and 16491?
69
What is the greatest common divisor of 18258 and 23953422?
1074
Calculate the highest common divisor of 528315114 and 258.
258
Calculate the highest common factor of 17213418 and 16065.
459
What is the greatest common factor of 45 and 5628900?
15
Calculate the greatest common divisor of 2868 and 499176.
12
Calculate the greatest common factor of 45809 and 5137841.
2411
Calculate the highest common factor of 162 and 1136004426.
162
What is the highest common divisor of 126 and 3590244?
126
Calculate the highest common divisor of 2717 and 7496697.
247
Calculate the highest common factor of 170850250 and 250.
250
What is the greatest common factor of 7758 and 48691794?
2586
Calculate the greatest common factor of 44450526 and 8862.
1266
What is the greatest common factor of 5428278 and 2349?
261
Calculate the highest common divisor of 257184 and 1062784.
608
Calculate the greatest common divisor of 746437 and 17071.
43
What is the highest common factor of 45708 and 1231772?
1172
Calculate the highest common factor of 9519004 and 2068.
2068
What is the highest common factor of 481808 and 176?
16
What is the greatest common divisor of 8451 and 2308311?
27
Calculate the greatest common divisor of 201 and 59828186.
67
Calculate the greatest common factor of 34074 and 54295026.
3786
What is the greatest common factor of 750639 and 4770?
159
Calculate the greatest common divisor of 50841 and 68067.
27
Calculate the highest common factor of 4284 and 854585172.
4284
What is the greatest common factor of 201206183 and 22076?
5519
What is the greatest common divisor of 5268886 and 92?
46
Calculate the greatest common divisor of 72 and 763324992.
72
What is the highest common factor of 2133540060 and 20?
20
Calculate the greatest common factor of 25448 and 81284.
4
What is the greatest common factor of 84981571 and 29?
29
What is the highest common factor of 882 and 2952495?
441
Calculate the greatest common divisor of 135343 and 39239059.
10411
Calculate the highest common factor of 193511 and 4233.
17
Calculate the greatest common factor of 124 and 872806426.
62
What is the highest common factor of 85 and 728615?
5
What is the greatest common factor of 14122 and 139886?
46
Calculate the greatest common factor of 304488 and 37458.
18
What is the highest common factor of 105 and 9384240?
15
What is the greatest common divisor of 513632 and 3024?
112
What is the highest common factor of 7440 and 3023430?
930
Calculate the greatest common divisor of 19274183 and 4747.
47
What is the greatest common factor of 29137101 and 1763?
1763
Calculate the highest common factor of 7134016 and 408.
136
What is the highest common factor of 25479594 and 126?
126
What is the greatest common divisor of 4760 and 17643160?
40
Calculate the highest common divisor of 60520 and 950.
10
What is the greatest common divisor of 18106 and 10349225?
823
What is the greatest common factor of 152832 and 2198784?
768
What is the greatest common factor of 351 and 320120853?
39
Calculate the highest common divisor of 24843 and 4488939.
1911
Calculate the highest common divisor of 40411363 and 6919.
629
Calculate the highest common factor of 9620 and 493638275.
2405
Calculate the highest common factor of 1248 and 9664577.
13
What is the greatest common divisor of 15903 and 2481705?
837
What is the highest common factor of 39 and 114320154?
39
Calculate the highest common factor of 6490 and 2059690.
590
Calculate the greatest common factor of 5261250 and 875.
125
Calculate the highest common divisor of 8 and 2530168.
8
Calculate the highest common factor of 380322 and 16389.
27
Calculate the highest common divisor of 219032 and 362608.
1048
What is the greatest common divisor of 45195 and 1227165?
345
Calculate the highest common divisor of 58 and 2530453.
29
What is the greatest common divisor of 1492898 and 166?
2
Calculate the highest common factor of 45995643 and 81.
9
Calculate the highest common divisor of 6896 and 204695692.
1724
What is the highest common factor of 1377085 and 1190?
85
What is the greatest common factor of 80414394 and 690?
138
Calculate the highest common factor of 39390 and 405366.
78
Calculate the highest common factor of 78520 and 36296.
104
What is the highest common factor of 20495098 and 1360?
34
What is the highest common divisor of 49078 and 4762262?
106
Calculate the highest common divisor of 23693 and 1079257.
817
Calculate the highest common factor of 74886899 and 233.
233
What is the highest common factor of 13600 and 119600?
400
Calculate the highest common divisor of 2212223548 and 1388.
1388
What is the highest common factor of 3281 and 6373283?
17
What is the greatest common factor of 203306653 and 412?
103
Calculate the highest common divisor of 800189 and 91.
13
Calculate the greatest common factor of 1199707 and 255.
17
What is the greatest common divisor of 259324 and 22828?
52
What is the highest common divisor of 244782 and 52619064?
9066
What is the highest common factor of 6950246 and 442?
34
What is the greatest common divisor of 913 and 610929385?
913
What is the highest common factor of 47458645 and 3770?
1885
What is the highest common factor of 6045 and 1576815?
465
What is the greatest common divisor of 57 and 38745579?
57
Calculate the highest common divisor of 18016038 and 828.
414
Calculate the highest common divisor of 657 and 4966993.
73
What is the greatest common factor of 1646027 and 1075799?
779
Calculate the greatest common factor of 103844 and 52754.
26
Calculate the greatest common factor of 1285492 and 85904.
3068
Calculate the highest common divisor of 25 and 26933825.
25
What is the greatest common factor of 108856 and 33308?
44
What is the greatest common factor of 26221940 and 68?
4
What is the highest common divisor of 335456912 and 448?
112
What is the greatest common factor of 10246 and 42958?
94
Calculate the highest common factor of 9 and 5751411.
3
Calculate the greatest common factor of 1625 and 584077.
13
What is the highest common factor of 219264 and 41728?
128
What is the highest common divisor of 3333989 and 68?
17
Calculate the highest common divisor of 2652528 and 59568.
3504
What is the greatest common divisor of 1580607 and 630?
63
Calculate the greatest common divisor of 37720717 and 569.
569
What is the greatest common factor of 775 and 2455851?
31
What is the highest common factor of 2290 and 729873380?
2290
What is the greatest common factor of 1645 and 9303?
7
What is the highest common divisor of 51711 and 12051797?
1567
What is the greatest common divisor of 245558 and 10030?
118
Calculate the highest common divisor of 459022 and 4810.
74
Calculate the greatest common divisor of 7968 and 35859.
3
Calculate the highest common divisor of 199 and 25573092.
199
Calculate the highest common divisor of 48 and 313637984.
16
Calculate the highest common divisor of 54143361 and 4977.
711
Calculate the highest common divisor of 48432780 and 116.
4
Calculate the greatest common divisor of 314499 and 11601961.
1327
Calculate the greatest common factor of 419 and 142079129.
419
What is the highest common factor of 2650 and 1633725?
1325
Calculate the greatest common divisor of 74235 and 6737205.
1515
Calculate the greatest common divisor of 161 and 2395427.
23
What is the greatest common factor of 72011 and 38361?
673
What is the highest common divisor of 41760 and 163245?
15
What is the greatest common divisor of 64 and 31480?
8
What is the highest common divisor of 284306 and 2365?
11
Calculate the highest common factor of 15706794 and 21.
3
Calculate the highest common divisor of 4046 and 2431.
17
What is the greatest common factor of 281 and 371065277?
281
Calculate the greatest common divisor of 17688 and 68064.
24
Calculate the highest common factor of 1486 and 53244866.
1486
What is the highest common factor of 643456 and 206976?
1408
Calculate the greatest common factor of 101340 and 26461.
563
What is the greatest common factor of 420 and 562686810?
210
Calculate the highest comm